remainder when 422 is divided by 106?
104
Calculate the remainder when 41579 is divided by 77.
76
Calculate the remainder when 840 is divided by 72.
48
What is the remainder when 167 is divided by 43?
38
Calculate the remainder when 151168 is divided by 15.
13
Calculate the remainder when 319 is divided by 10.
9
Calculate the remainder when 828 is divided by 16.
12
Calculate the remainder when 2769 is divided by 21.
18
What is the remainder when 564 is divided by 185?
9
Calculate the remainder when 2800 is divided by 165.
160
Calculate the remainder when 270 is divided by 8.
6
Calculate the remainder when 140 is divided by 71.
69
Calculate the remainder when 542 is divided by 60.
2
Calculate the remainder when 5843 is divided by 76.
67
What is the remainder when 153 is divided by 40?
33
Calculate the remainder when 804 is divided by 266.
6
Calculate the remainder when 273 is divided by 139.
134
Calculate the remainder when 99 is divided by 10.
9
What is the remainder when 277 is divided by 219?
58
What is the remainder when 94 is divided by 89?
5
What is the remainder when 285 is divided by 144?
141
What is the remainder when 209 is divided by 39?
14
Calculate the remainder when 207 is divided by 11.
9
Calculate the remainder when 2293 is divided by 15.
13
What is the remainder when 624 is divided by 193?
45
Calculate the remainder when 89 is divided by 24.
17
What is the remainder when 318 is divided by 32?
30
What is the remainder when 161 is divided by 6?
5
What is the remainder when 10875 is divided by 111?
108
What is the remainder when 295 is divided by 81?
52
What is the remainder when 10 is divided by 3?
1
What is the remainder when 168 is divided by 34?
32
Calculate the remainder when 223 is divided by 67.
22
Calculate the remainder when 1598 is divided by 73.
65
What is the remainder when 796 is divided by 249?
49
What is the remainder when 2969 is divided by 10?
9
What is the remainder when 1133 is divided by 238?
181
What is the remainder when 638 is divided by 97?
56
What is the remainder when 427 is divided by 14?
7
Calculate the remainder when 68 is divided by 12.
8
What is the remainder when 2405 is divided by 17?
8
Calculate the remainder when 180 is divided by 31.
25
What is the remainder when 2992 is divided by 41?
40
What is the remainder when 2020 is divided by 43?
42
Calculate the remainder when 550 is divided by 8.
6
What is the remainder when 560 is divided by 52?
40
Calculate the remainder when 4156 is divided by 10.
6
What is the remainder when 1540 is divided by 33?
22
What is the remainder when 77 is divided by 33?
11
What is the remainder when 565 is divided by 38?
33
Calculate the remainder when 1308 is divided by 57.
54
What is the remainder when 1623 is divided by 116?
115
Calculate the remainder when 64 is divided by 17.
13
What is the remainder when 40 is divided by 15?
10
What is the remainder when 271 is divided by 7?
5
Calculate the remainder when 1147 is divided by 7.
6
What is the remainder when 65 is divided by 13?
0
What is the remainder when 639 is divided by 204?
27
What is the remainder when 524 is divided by 46?
18
What is the remainder when 187 is divided by 20?
7
What is the remainder when 142 is divided by 75?
67
What is the remainder when 624 is divided by 62?
4
Calculate the remainder when 612 is divided by 43.
10
What is the remainder when 1169 is divided by 8?
1
What is the remainder when 21 is divided by 4?
1
What is the remainder when 478 is divided by 225?
28
What is the remainder when 166 is divided by 7?
5
Calculate the remainder when 854 is divided by 57.
56
What is the remainder when 226 is divided by 171?
55
Calculate the remainder when 307 is divided by 114.
79
Calculate the remainder when 166 is divided by 42.
40
Calculate the remainder when 315 is divided by 10.
5
Calculate the remainder when 297 is divided by 12.
9
What is the remainder when 4074 is divided by 66?
48
What is the remainder when 699 is divided by 35?
34
Calculate the remainder when 1686 is divided by 65.
61
What is the remainder when 533 is divided by 36?
29
What is the remainder when 27851 is divided by 66?
65
What is the remainder when 740 is divided by 25?
15
What is the remainder when 497 is divided by 20?
17
What is the remainder when 62 is divided by 21?
20
Calculate the remainder when 394 is divided by 66.
64
Calculate the remainder when 50789 is divided by 14.
11
What is the remainder when 444 is divided by 75?
69
Calculate the remainder when 1094 is divided by 1069.
25
Calculate the remainder when 13713 is divided by 127.
124
Calculate the remainder when 864 is divided by 428.
8
Calculate the remainder when 157 is divided by 6.
1
What is the remainder when 119 is divided by 10?
9
What is the remainder when 6132 is divided by 323?
318
Calculate the remainder when 3055 is divided by 133.
129
What is the remainder when 114 is divided by 39?
36
What is the remainder when 179 is divided by 13?
10
Calculate the remainder when 266 is divided by 78.
32
What is the remainder when 99 is divided by 6?
3
Calculate the remainder when 11172 is divided by 151.
149
Calculate the remainder when 140 is divided by 30.
20
Calculate the remainder when 20 is divided by 6.
2
Calculate the remainder when 69 is divided by 26.
17
Calculate the remainder when 3214 is divided by 134.
132
Calculate the remainder when 10961 is divided by 174.
173
What is the remainder when 387 is divided by 54?
9
Calculate the remainder when 149 is divided by 101.
48
Calculate the remainder when 89 is divided by 13.
11
Calculate the remainder when 24 is divided by 7.
3
Calculate the remainder when 5360 is divided by 383.
381
Calculate the remainder when 898 is divided by 50.
48
Calculate the remainder when 1156 is divided by 20.
16
Calculate the remainder when 109 is divided by 13.
5
What is the remainder when 4776 is divided by 184?
176
Calculate the remainder when 165 is divided by 37.
17
Calculate the remainder when 2164 is divided by 38.
36
What is the remainder when 318 is divided by 90?
48
What is the remainder when 607 is divided by 32?
31
What is the remainder when 2154 is divided by 98?
96
Calculate the remainder when 1128 is divided by 62.
12
Calculate the remainder when 387 is divided by 23.
19
Calculate the remainder when 691 is divided by 40.
11
Calculate the remainder when 16 is divided by 10.
6
Calculate the remainder when 1910 is divided by 240.
230
Calculate the remainder when 64 is divided by 14.
8
What is the remainder when 169 is divided by 29?
24
Calculate the remainder when 470 is divided by 14.
8
What is the remainder when 2560 is divided by 255?
10
Calculate the remainder when 699 is divided by 83.
35
What is the remainder when 501 is divided by 147?
60
What is the remainder when 50 is divided by 39?
11
Calculate the remainder when 516 is divided by 71.
19
What is the remainder when 331 is divided by 74?
35
Calculate the remainder when 215 is divided by 15.
5
What is the remainder when 222 is divided by 70?
12
Calculate the remainder when 48 is divided by 8.
0
Calculate the remainder when 155 is divided by 44.
23
What is the remainder when 1947 is divided by 78?
75
Calculate the remainder when 604 is divided by 26.
6
Calculate the remainder when 1249 is divided by 65.
14
Calculate the remainder when 151 is divided by 35.
11
Calculate the remainder when 89 is divided by 25.
14
Calculate the remainder when 196 is divided by 40.
36
Calculate the remainder when 137 is divided by 8.
1
What is the remainder when 293 is divided by 8?
5
Calculate the remainder when 75 is divided by 16.
11
Calculate the remainder when 42 is divided by 24.
18
Calculate the remainder when 4643 is divided by 55.
23
What is the remainder when 77 is divided by 32?
13
What is the remainder when 3196 is divided by 91?
11
What is the remainder when 514 is divided by 131?
121
Calculate the remainder when 213 is divided by 49.
17
What is the remainder when 7614 is divided by 68?
66
Calculate the remainder when 13713 is divided by 211.
209
What is the remainder when 125 is divided by 26?
21
What is the remainder when 90 is divided by 32?
26
What is the remainder when 488 is divided by 246?
242
What is the remainder when 684 is divided by 76?
0
What is the remai